 j(d) = -246*d - 2972. Give j(-12).
-20
Let s(i) = 119*i + 1863. Give s(-16).
-41
Let q(v) = -6*v**3 - 23*v**2 + 2*v + 10. Determine q(-4).
18
Let g(k) = -k**2 - 25*k - 8. Calculate g(-25).
-8
Let y(h) = 12*h**2 + 683*h - 26. Give y(-57).
31
Let r(z) = -3*z**3 - z**2 + 5*z + 8. Give r(-2).
18
Let y(u) = 2*u**3 - 117*u**2 + 168*u - 51. Give y(57).
-222
Let s(g) = -67*g + 62. Give s(5).
-273
Let b(y) = y - 44. Determine b(2).
-42
Let l(n) = n**3 - 20*n**2 + 21*n - 5. What is l(19)?
33
Let n(i) = 2*i**3 - 81*i**2 - 17*i - 967. What is n(41)?
17
Let f(m) = -99*m + 21. What is f(1)?
-78
Let p(r) = 20*r**2 - 39*r - 56. What is p(3)?
7
Let b(p) = p**3 - 19*p**2 + 31*p - 239. Calculate b(18).
-5
Let c(d) = -d**3 + 16*d**2 - 11*d - 52. Calculate c(15).
8
Let k(v) = -53*v - 1619. Calculate k(-30).
-29
Let n(v) = -v**3 + 10*v**2 + 49*v - 380. Give n(13).
-250
Let f(r) = 2*r**2 + 89*r + 846. Calculate f(-14).
-8
Let f(t) = t**3 - 52*t**2 - 107*t - 49. Calculate f(54).
5
Let v(m) = 520*m - 86319. What is v(166)?
1
Let d(o) = 7*o + 122. What is d(-19)?
-11
Let t(i) = 2*i**2 + 12*i - 34. What is t(-8)?
-2
Let n(s) = s - 248. Give n(54).
-194
Let f(d) = d**3 - 29*d**2 - 105*d - 79. What is f(33)?
812
Let q(g) = 128*g - 25213. Calculate q(197).
3
Let a(f) = 2132*f + 19185. What is a(-9)?
-3
Let k(p) = p**3 + 12*p**2 + 43*p + 69. What is k(-6)?
27
Let k(r) = -6130*r - 49050. Give k(-8).
-10
Let l(u) = u**2 - 23*u + 49. Determine l(7).
-63
Let i(n) = -262*n - 22536. Determine i(-86).
-4
Let r(y) = 146*y - 727. Calculate r(5).
3
Let y(k) = -k**3 + 55*k**2 + 573*k + 187. Calculate y(64).
-5
Let u(j) = -37*j**2 + 38*j - 38. Give u(1).
-37
Let w(v) = -21*v**2 - 39*v + 13. Calculate w(-3).
-59
Let b(q) = -q**3 - 50*q**2 + 216*q - 139. Determine b(-54).
-139
Let d(x) = -1022*x + 3088. Give d(3).
22
Let a(h) = 1387*h - 16667. What is a(12)?
-23
Let z(d) = -2*d**2 - 36*d + 12. Give z(-18).
12
Let w(j) = 3*j**3 + 31*j**2 - 144*j + 145. What is w(-14)?
5
Let v(d) = -2*d**2 - 17*d + 334. Determine v(-18).
-8
Let q(j) = -21*j - 64. Determine q(10).
-274
Let a(c) = c**3 - 46*c**2 - 42*c - 260. What is a(47)?
-25
Let r(t) = 105*t - 526. What is r(5)?
-1
Let r(y) = -8*y - 253. Determine r(-31).
-5
Let r(b) = b**3 + 7*b**2 - 23*b - 95. Determine r(-6).
79
Let u(v) = -219*v - 35262. What is u(-161)?
-3
Let n(u) = -u**2 - 362*u + 6445. Calculate n(17).
2
Let x(c) = 64*c + 3063. What is x(-48)?
-9
Let k(c) = 819*c + 782. What is k(-1)?
-37
Let p(k) = 38*k + 553. What is p(-14)?
21
Let p(y) = 3*y**2 - 79*y - 334. Determine p(30).
-4
Let w(c) = -32*c - 1099. Give w(-35).
21
Let b(a) = -67*a - 617. What is b(-10)?
53
Let r(u) = 3*u**2 + 50*u + 120. Give r(-14).
8
Let d(o) = 74*o + 2818. Give d(-38).
6
Let s(f) = 1790*f - 12511. Give s(7).
19
Let l(u) = u**3 + 79*u**2 + 743*u - 216. Give l(-68).
124
Let o(b) = -49*b - 881. What is o(-18)?
1
Let r(z) = -4*z**3 - 36*z**2 + 4*z - 27. Calculate r(-9).
-63
Let z(i) = 20*i**3 + i**2 + 2*i + 1. What is z(1)?
24
Let c(u) = -52*u + 45. What is c(-4)?
253
Let z(v) = 4656*v - 4747. Give z(1).
-91
Let t(h) = 6*h + 41. Determine t(0).
41
Let f(u) = -7*u**3 - 6*u**2 - 11*u + 2. What is f(-2)?
56
Let w(g) = 54*g + 492. Calculate w(-9).
6
Let w(c) = -c**3 - 77*c**2 + c - 55. What is w(-77)?
-132
Let n(k) = -30*k**3 - 178*k**2 + 8*k + 11. What is n(-6)?
35
Let r(o) = -o**2 + 77*o - 604. What is r(68)?
8
Let s(c) = -26*c**2 + 5*c + 18. What is s(-5)?
-657
Let o(d) = -d**3 + d**2 - 8*d - 159. Determine o(0).
-159
Let c(x) = 787*x - 6251. Calculate c(8).
45
Let b(d) = -d**2 + 287*d - 9071. What is b(36)?
-35
Let f(i) = -149*i**2 - 758*i + 14. Calculate f(-5).
79
Let w(n) = n**3 - 14*n**2 + 2*n - 35. Give w(14).
-7
Let s(q) = q**3 - 15*q**2 - 15*q + 38. Give s(15).
-187
Let y(g) = 41812*g - 83622. Calculate y(2).
2
Let l(s) = 24*s + 582. Calculate l(-14).
246
Let a(p) = -19*p - 47. Calculate a(-15).
238
Let p(j) = -89*j + 5155. Give p(58).
-7
Let h(c) = 2*c**3 - 13*c**2 + 70*c - 205. Determine h(4).
-5
Let b(u) = -u**2 - 25*u - 136. Determine b(-13).
20
Let c(h) = h**3 + 65*h**2 - 285*h - 636. Determine c(-69).
-15
Let g(b) = -2*b**3 - 17*b**2 - 7*b + 8. What is g(2)?
-90
Let p(t) = 47*t**2 - 611*t + 1. What is p(13)?
1
Let c(p) = 104*p + 141. Calculate c(4).
557
Let s(b) = -4*b**3 + 759*b**2 + 211*b - 3989. Determine s(190).
1
Let x(a) = -20*a**2 + 220*a + 24. Calculate x(11).
24
Let m(v) = 1334*v + 137403. Calculate m(-103).
1
Let h(p) = -p**3 + 3*p - 19. Determine h(5).
-129
Let u(x) = 82*x**2 - 1229*x - 12. Give u(15).
3
Let p(h) = 1421*h**2 - 2839*h - 3. What is p(2)?
3
Let v(x) = x**3 + 76*x**2 + 175*x - 3211. What is v(-73)?
1
Let q(g) = -g**2 - 145*g + 928. Calculate q(-152).
-136
Let d(h) = h**3 - 6*h**2 + 229*h - 2340. Determine d(9).
-36
Let q(z) = -24*z - 146. Give q(-6).
-2
Let b(z) = 16*z**3 - z**2 - 1. What is b(1)?
14
Let s(m) = -m**3 - 38*m**2 + 367*m + 14956. Determine s(-37).
8
Let p(n) = 345*n - 23430. Determine p(68).
30
Let b(g) = g**2 - 141*g + 4872. Calculate b(59).
34
Let z(o) = o**3 - 15*o**2 - 42*o + 792. Give z(14).
8
Let v(f) = -300*f + 90. Determine v(2).
-510
Let t(x) = 2*x**3 + 229*x**2 + 2186*x + 210. What is t(-104)?
2
Let a(p) = -81*p + 3165. Calculate a(39).
6
Let u(w) = w**3 + 17*w**2 + 46*w - 54. What is u(-13)?
24
Let n(b) = 50*b + 1212. Calculate n(-26).
-88
Let k(c) = 3*c**2 - 103*c - 978. Determine k(-8).
38
Let t(x) = x**3 - 2*x**2 + x + 91. What is t(0)?
91
Let g(a) = -a**3 + 18*a**2 - 41*a + 100. Calculate g(15).
160
Let u(d) = -6*d**2 + 21*d - 10. Give u(4).
-22
Let o(t) = -8*t**3 + 8*t**2 + t - 2. Calculate o(-1).
13
Let z(a) = -74*a - 173. Calculate z(-2).
-25
Let a(u) = -23*u + 957. What is a(43)?
-32
Let f(y) = 336*y - 3495. Give f(11).
201
Let a(m) = -3*m**2 - 68*m + 182. What is a(-25)?
7
Let g(j) = -4*j**3 + 56*j**2 - 181*j. What is g(5)?
-5
Let x(k) = 50*k**2 + 820*k - 495. Give x(-17).
15
Let m(k) = 362*k - 717. Determine m(2).
7
Let u(m) = -11*m - 1027. Calculate u(-17).
-840
Let s(i) = -2*i**3 + 9*i**2 - 27*i + 59. Give s(3).
5
Let u(b) = -b**3 + 16*b**2 - 30*b + 43. What is u(14)?
15
Let z(t) = -t**3 + 9*t**2 - 5*t + 3. Calculate z(8).
27
Let l(p) = -3*p**2 + 177*p - 2535. Calculate l(25).
15
Let n(l) = -6*l**2 - 118*l - 264. Determine n(-17).
8
Let g(t) = -3*t**3 - 5*t**2 - 119*t + 512. Determine g(4).
-236
Let d(b) = 277*b - 830. Give d(3).
1
Let n(x) = -11*x**2 - 139*x - 87. Give n(-12).
-3
Let r(k) = 7*k**2 - 16*k - 53. What is r(-3)?
58
Let l(x) = -x**2 + 73*x + 555. Determine l(80).
-5
Let q(u) = -26*u**2 + 197*u + 103. Determine q(8).
15
Let t(f) = 3*f**2 + 92*f + 344. Give t(-4).
24
Let b(n) = -85*n + 1566. Give b(18).
36
Let l(y) = -y**2 - 96*y + 946. Give l(9).
1
Let b(k) = -11*k**2 - 797*k - 793. Determine b(-1).
-7
Let o(x) = 32*x**3 - 3*x**2 - 24*x - 24. Determine o(-2).
-244
Let k(o) = -o**3 + 92*o**2 - 752*o + 553. Calculate k(83).
138
Let b(g) = 988*g + 50377. Calculate b(-51).
-11
Let x(r) = r**2 - 102*r - 3497. What is x(129)?
-14
Let u(q) = -133*q + 2066. Determine u(15).
71
Let x(z) = -563*z + 1133. Determine x(2).
7
Let i(k) = 16*k - 94. Determine i(7).
18
Let n(g) = 265*g + 233. Determine n(-1).
-32
Let r(l) = 3*l - 171. Determine r(18).
-117
Let u(a) = a**2 + 171*a + 1613. Calculate u(-10).
3
Let t(y) = -y**3 - 22*y**2 - 56*y + 89. What is t(-19)?
70
Let r(o) = o**3 - 23*o**2 - 76*o + 1246. Give r(24).
-2
Let l(n) = 415*n + 8317. What is l(-20)?
17
Let p(y) = -2*y**3 - 2*y**2 + 41*y + 27. Determine p(-6).
141
Let s(a) = -2022*a + 18216. What is s(9)?
18
Let v(d) = 174*d + 1026. Give v(-6).
-18
Let l(t) = -t**3 - 39*t**2 + 2*t + 88. Give l(-39).
10
Let a(l) = l**3 - l**2 + 3*l - 1. Calculate a(5).
114
Let q(a) = -a**2 - 14*a - 35. Determine q(-4).
5
Let q(x) = -187*x + 3. What is q(0)?
3
Let s(w) = -4*w**3 + 53*w**2 - 54*w - 2. Give s(1).
-7
Let j(d) = 11*d**2 + 46*d - 41. Give j(-5).
4
Let r(w) = w**2 + 154*w + 1672. Give r(-12).
-32
Let b(g) = g**2 - 3*g - 520. Calculate b(24).
-16
Let t(c) = -4*c**2 - 70*c - 18. Calculate t(-20).
-218
Let h(d) = -5980*d + 1. What is h(0)?
1
Let l(h) = -h - 123. Give l(-31).
-92
Let m(a) = 21*a**2 - 301*a + 923. Determine m(10).
13
Let n(k) = 1643*k + 9862. Determine n(-6).
4
Let b(j) = -127*j - 1637. Give b(-8).
-621
Let s(u) = -16*u -